he highest common factor of 2 and 298?
2
What is the highest common factor of 32 and 400?
16
What is the greatest common divisor of 3905 and 213?
71
What is the highest common factor of 193 and 93991?
193
Calculate the greatest common divisor of 6832 and 14.
14
What is the greatest common divisor of 455 and 2041?
13
What is the greatest common divisor of 60 and 1296?
12
Calculate the greatest common factor of 924 and 84.
84
Calculate the highest common divisor of 11618 and 74.
74
Calculate the greatest common factor of 85 and 15487.
17
Calculate the greatest common factor of 287 and 205.
41
What is the highest common divisor of 1054 and 238?
34
What is the greatest common factor of 117 and 9?
9
Calculate the greatest common divisor of 559 and 258.
43
Calculate the greatest common factor of 1078 and 3087.
49
What is the greatest common factor of 6 and 24?
6
Calculate the greatest common divisor of 62 and 2.
2
What is the greatest common factor of 5 and 215?
5
What is the highest common divisor of 62 and 1891?
31
Calculate the highest common divisor of 66 and 5071.
11
Calculate the greatest common divisor of 83 and 1.
1
Calculate the highest common divisor of 115 and 23.
23
What is the greatest common divisor of 40 and 10410?
10
Calculate the highest common factor of 1110 and 70.
10
What is the greatest common divisor of 28 and 1554?
14
What is the greatest common factor of 664 and 8?
8
What is the greatest common divisor of 18 and 450?
18
What is the highest common divisor of 920 and 160?
40
What is the greatest common divisor of 5 and 85?
5
What is the greatest common factor of 18 and 1998?
18
Calculate the greatest common divisor of 34 and 68.
34
What is the highest common divisor of 903 and 42?
21
What is the highest common divisor of 16842 and 42?
42
What is the greatest common divisor of 272 and 51?
17
Calculate the greatest common factor of 3363 and 38.
19
Calculate the highest common divisor of 24580 and 20.
20
What is the highest common factor of 3885 and 315?
105
Calculate the greatest common divisor of 49 and 1211.
7
What is the greatest common divisor of 214 and 9630?
214
Calculate the greatest common factor of 18 and 89568.
18
What is the highest common factor of 70 and 110?
10
What is the greatest common factor of 137929 and 11?
11
What is the highest common factor of 8 and 6?
2
What is the highest common divisor of 1272 and 296?
8
What is the highest common factor of 36 and 136?
4
Calculate the greatest common divisor of 1872 and 1664.
208
What is the highest common factor of 585 and 1404?
117
Calculate the highest common factor of 801 and 178.
89
Calculate the greatest common divisor of 13410 and 45.
45
What is the greatest common factor of 124 and 341?
31
Calculate the highest common divisor of 9 and 63.
9
Calculate the greatest common divisor of 21 and 12.
3
Calculate the greatest common divisor of 1296 and 96.
48
Calculate the highest common factor of 12826 and 242.
242
What is the highest common factor of 35 and 1015?
35
Calculate the greatest common divisor of 46 and 3427.
23
Calculate the greatest common factor of 2720 and 180.
20
Calculate the greatest common divisor of 945 and 35.
35
Calculate the greatest common divisor of 10 and 290.
10
What is the greatest common divisor of 176 and 55?
11
Calculate the greatest common divisor of 18 and 6.
6
What is the greatest common divisor of 26 and 182?
26
What is the highest common divisor of 2088 and 87?
87
What is the greatest common divisor of 39 and 741?
39
What is the greatest common factor of 43 and 172?
43
Calculate the greatest common factor of 44 and 649.
11
Calculate the highest common factor of 1872 and 117.
117
What is the greatest common factor of 2754 and 204?
102
What is the greatest common divisor of 31 and 1891?
31
What is the greatest common factor of 184 and 128?
8
What is the greatest common factor of 98 and 1162?
14
What is the greatest common divisor of 1392 and 1056?
48
Calculate the greatest common divisor of 391 and 23.
23
What is the highest common divisor of 27 and 378?
27
What is the greatest common factor of 3 and 177?
3
What is the greatest common factor of 530 and 85?
5
What is the greatest common factor of 2176 and 512?
128
Calculate the greatest common divisor of 81 and 34911.
81
What is the greatest common factor of 41 and 6683?
41
What is the highest common factor of 16 and 56?
8
What is the greatest common divisor of 720 and 5?
5
What is the highest common divisor of 796 and 4179?
199
Calculate the greatest common factor of 518 and 28.
14
Calculate the highest common divisor of 296 and 37.
37
What is the highest common divisor of 110 and 70?
10
Calculate the greatest common factor of 160 and 1200.
80
What is the highest common divisor of 128 and 2848?
32
What is the greatest common divisor of 34 and 221?
17
Calculate the highest common factor of 40199 and 61.
61
What is the greatest common factor of 110 and 88?
22
Calculate the highest common divisor of 50 and 35.
5
What is the highest common divisor of 22 and 4862?
22
What is the greatest common factor of 5020 and 20?
20
What is the greatest common factor of 48 and 432?
48
What is the greatest common factor of 14 and 4?
2
What is the highest common divisor of 52 and 1300?
52
What is the greatest common divisor of 36 and 23?
1
What is the highest common divisor of 4485 and 621?
69
Calculate the greatest common divisor of 4 and 3.
1
Calculate the highest common factor of 48 and 2928.
48
What is the highest common factor of 109504 and 236?
236
Calculate the highest common divisor of 2891 and 98.
49
What is the highest common divisor of 2060 and 20?
20
What is the highest common divisor of 1813 and 4403?
259
What is the highest common divisor of 5440 and 80?
80
What is the highest common factor of 508 and 53594?
254
What is the highest common divisor of 72 and 8?
8
What is the greatest common factor of 2475 and 27?
9
Calculate the greatest common factor of 105 and 7485.
15
Calculate the greatest common factor of 7470 and 360.
90
What is the highest common divisor of 284 and 4?
4
What is the highest common factor of 90 and 390?
30
Calculate the greatest common factor of 90 and 10.
10
Calculate the highest common factor of 836 and 988.
76
What is the highest common divisor of 1139 and 67?
67
What is the highest common divisor of 1352 and 312?
104
What is the greatest common factor of 4920 and 15?
15
What is the greatest common factor of 10 and 565?
5
Calculate the highest common factor of 155 and 185.
5
Calculate the greatest common divisor of 198 and 24.
6
What is the highest common factor of 175 and 119?
7
What is the highest common divisor of 16 and 1024?
16
What is the greatest common factor of 3012 and 48?
12
Calculate the highest common divisor of 1781 and 91.
13
Calculate the highest common factor of 4896 and 9.
9
What is the greatest common divisor of 2080 and 13?
13
Calculate the greatest common factor of 4 and 1680.
4
What is the greatest common factor of 130 and 2938?
26
Calculate the highest common divisor of 2162 and 92.
46
Calculate the highest common factor of 217 and 70.
7
Calculate the highest common divisor of 2796 and 24.
12
What is the greatest common divisor of 960 and 16200?
120
Calculate the greatest common factor of 31137 and 963.
321
Calculate the greatest common divisor of 116 and 116.
116
What is the greatest common divisor of 56 and 21?
7
Calculate the greatest common factor of 5 and 185.
5
What is the greatest common factor of 27 and 33?
3
Calculate the greatest common factor of 9 and 11511.
9
Calculate the highest common factor of 188 and 1457.
47
What is the greatest common factor of 15 and 2790?
15
What is the highest common divisor of 124 and 67456?
124
Calculate the highest common factor of 7911 and 63.
9
What is the greatest common factor of 147 and 105?
21
Calculate the highest common divisor of 24 and 708.
12
Calculate the highest common factor of 24 and 4200.
24
What is the greatest common factor of 3243 and 345?
69
What is the greatest common divisor of 14 and 938?
14
Calculate the greatest common factor of 328 and 69044.
164
What is the greatest common divisor of 13 and 6227?
13
What is the highest common divisor of 1 and 25?
1
What is the highest common f